ainder when n is divided by 30.
28
Suppose -2*c + 0*c + 4 = -4*y, -4*y = 3*c - 6. What is the remainder when 29 is divided by c + 1 + 3/1?
5
Let p = -414 - -445. What is the remainder when 1455 is divided by p?
29
Let g be 6/(-8) + 3/(-12). Suppose -2*w + 116 = 2*w. Calculate the remainder when w is divided by (1 - 2)/(g/15).
14
Let p = 267 + -70. Suppose -3*h + p = -0*h + r, -262 = -4*h - 2*r. Calculate the remainder when h is divided by 34.
32
Suppose -18 = -3*a + 15. What is the remainder when (-4)/(-2) + 33 + 6 is divided by a?
8
Let y(r) = -412*r + 44. Calculate the remainder when y(-2) is divided by 67.
64
Let b = -55 + 74. Let k(s) = 23*s**3 - 2*s**2 + 2*s. Let l be k(2). Suppose o = -4*o + l. What is the remainder when o is divided by b?
17
Let w be 224/2 + -4 + 1. Let p = w - 76. Suppose 2*b = -0*b + g + 196, 0 = 3*b + 2*g - 294. Calculate the remainder when b is divided by p.
32
Let c(v) = v**3 - 6*v**2 - 4*v + 4. Let m be c(6). Let l = m - -62. What is the remainder when l is divided by 9?
6
Suppose -2*p - 36 = -3*p. Calculate the remainder when p is divided by 45/(8 - -1) + 26 - (-12)/(-4).
8
What is the remainder when 353 is divided by 5/(-10) + (-525)/(-10) + -1?
47
Let m be (10/20)/(1/(-48)). Let g = m - -55. Let i = -7 + 15. What is the remainder when g is divided by i?
7
Suppose 0 = -192*x + 9038 + 4580 - 3634. Let j = 40 + -25. Let q = 33 - j. Calculate the remainder when x is divided by q.
16
Suppose 4*l = -0*y - 5*y + 56, -3*l - 39 = -3*y. Let i = y - 12. Suppose 33 = -i*s + s. What is the remainder when 131 is divided by s?
32
Let n(r) = -r**3 - 23*r**2 - 5*r - 57. Calculate the remainder when n(-23) is divided by 10.
8
Let x = 100 - 26. Let q = x + -33. Calculate the remainder when q is divided by 12 - (0 + -1)/(-1).
8
Let i(d) = -13*d**3 + d - 3. Let m be i(-2). Suppose -21 + m = 2*g. What is the remainder when g is divided by 21?
18
Let q = -14078 - -14177. Let z = -6 - -23. What is the remainder when q is divided by z?
14
Let v(w) = -w**3 - 2*w**2 - 6*w - 1. Let o = -2878 + 2897. What is the remainder when v(-4) is divided by o?
17
Suppose 1045 = 14*n - 103. Calculate the remainder when n is divided by 69.
13
Suppose -57 - 99 = 4*h. Let v = h + 140. What is the remainder when v is divided by 26?
23
Let h(w) = -2*w**3 + 91*w**2 - 45*w + 27. Calculate the remainder when 65 is divided by h(45).
11
Let t(i) = -64*i - 10. Let a be t(-3). Suppose -3*g = -a - 124. Calculate the remainder when g is divided by 21.
18
Suppose -5*p + 92 = 17. Calculate the remainder when 194 is divided by p.
14
Calculate the remainder when 1057/245*7 - (-2)/(-10) is divided by 8.
6
Let j(y) = 32*y - 16. Calculate the remainder when j(2) is divided by 43.
5
Let x = 32 - -15. Let v = x + -13. What is the remainder when v is divided by 12?
10
Let n be -1*(-2 - 40/(-1)). Let m = -23 - n. What is the remainder when m is divided by -1 - -2*(-5)/(-2)?
3
Let n = 11 + -9. Suppose l + 49 + 35 = 4*d, -4*d + 84 = -n*l. What is the remainder when d is divided by 8?
5
Let q = 503 - 462. Let x be 6/(3/1) + 2. Suppose 3*u = v - 6*v + 23, x*v = -8. What is the remainder when q is divided by u?
8
Suppose -14*l + 3948 = 7*l. Calculate the remainder when l is divided by 10.
8
Let g(m) = 6*m**2 + 2. Let v be g(2). Suppose v = u + u. Calculate the remainder when -3*1/(-9)*75 is divided by u.
12
Suppose 4*j - 48 = -52. Calculate the remainder when (303*2/(-6))/(1/j) is divided by 15.
11
Suppose -1714 - 334 = 8*v. What is the remainder when (30/(-8))/(12/v*4) is divided by 13?
7
Let q = -6 - -8. Suppose -q*a - 6 = -2. What is the remainder when -4*(-6)/(-16)*a is divided by 3?
0
Let g(t) = -3*t**2 + 69*t - 45. What is the remainder when 116 is divided by g(22)?
11
Let n = 1048 + -1020. Calculate the remainder when 119 is divided by n.
7
Let v(b) = b**2 + 32. What is the remainder when v(0) is divided by -1 - (9 + 66/(-3))?
8
Suppose 5*u - u + n = -269, 202 = -3*u - n. Let d = 129 + u. Calculate the remainder when d is divided by 32.
30
Suppose -10*g + 5*g + 15 = 0. What is the remainder when 83 is divided by (-58)/(-2*g/(12/4))?
25
Let g = -294 - -471. Suppose -88 = -5*y + g. Calculate the remainder when 264 is divided by y.
52
Let m(q) = q**2 - 4*q - 22. What is the remainder when 604 is divided by m(-6)?
34
Let c = 126 + -77. Let g = c + -40. What is the remainder when g is divided by 4?
1
Let s(d) = 3*d + 3. Let c(k) = k + 1. Let b(m) = 4*c(m) - s(m). Let v be b(1). Suppose -5*g = -v - 83. What is the remainder when 66 is divided by g?
15
Let u = -35 + 57. Suppose 17*n - 129 = 14*n. What is the remainder when n is divided by u?
21
Let i = -13 + 13. Let l = i - 6. Calculate the remainder when 44 is divided by l/(-3) + (-10)/(-1).
8
Let x = 65 + -35. Suppose 4*p - 16 = -3*y, -5*p = 2*y - 5*y + 34. Calculate the remainder when x is divided by y.
6
Suppose 38*l = 32*l + 210. Calculate the remainder when 135 is divided by l.
30
Calculate the remainder when (-16)/56 + 8246/49 is divided by 9.
6
Let m = 20 - 58. Let n = m - -46. Calculate the remainder when 31 is divided by n.
7
Suppose 10*l = 6*l + 48. What is the remainder when l is divided by 3?
0
Let g = -491 - -739. What is the remainder when g is divided by 86?
76
Let v = 16 - 12. Suppose v = 3*z - 23. Calculate the remainder when 13 is divided by z.
4
Suppose 0 = -4*t - d - 15, 0*t = 5*t - d + 30. Calculate the remainder when 249/9 + (-4)/6 is divided by (-9 - t - 3)/(-1).
6
Suppose 0 = -4*j + 4*t + 132, -2*j - 43 = -3*j + 3*t. Suppose 4*q + 12 = 2*g - 154, 3*q = g - 83. What is the remainder when g is divided by j?
27
Let l = 128 + -68. What is the remainder when l - (-2)/5*(10 - 5) is divided by 7?
6
Let r = -38 + 44. Suppose 8*v - r = 6*v. What is the remainder when 4 is divided by v?
1
Suppose 4*w + 4 + 15 = 3*h, -h = -4*w - 1. Calculate the remainder when 24 is divided by h.
6
Let z(s) be the third derivative of -s**6/120 + s**5/15 + s**4/8 - 2*s**3/3 - s**2. Suppose 5*x - 179 = -69. What is the remainder when x is divided by z(4)?
6
Suppose 48 = 4*u + 4*p, -3*p + 55 = 4*u + 11. Suppose u*x - 180 = 2*x. What is the remainder when x is divided by 17?
13
Let i(f) = -24*f - 127. Let g = -19 - -27. What is the remainder when i(-6) is divided by g?
1
Suppose 0 = -3*q + 2*q. Suppose q*u - 24 = -2*u. Let s = u + 18. What is the remainder when s is divided by 8?
6
Let m be (10 + -22)*(-1 - 1)/6. Suppose m*s - 60 = -0*l - 2*l, 5*l - 75 = -5*s. Calculate the remainder when 119 is divided by s.
14
Let u = -151 + 87. Let r = u - -108. What is the remainder when r is divided by 8?
4
Let p be ((-2)/(-4) - 1)*-230. Suppose 0 = -4*b + 3*a + 21, 0*b + 41 = 4*b + a. Suppose b*x = 4*x + p. What is the remainder when 44 is divided by x?
21
Let v = 882 - 827. What is the remainder when 1209 is divided by v?
54
Suppose -231 = -z - 59. Calculate the remainder when z is divided by 47.
31
Let a be (-57)/(-38)*(-4)/(-6). Calculate the remainder when 4/4*-2 - -63 - a is divided by 17.
9
Let m(a) = a**3 - 22*a**2 + a - 47. Let d be m(22). Calculate the remainder when 44 is divided by d/(-2)*(-26 + 28).
19
Suppose -2*v + 35 + 35 = 0. Suppose -3*n - 7*y = -9*y - 96, 99 = 3*n - y. What is the remainder when (3 + (-4)/8*2)*n is divided by v?
33
Calculate the remainder when 33 is divided by (-616)/(-42) - 10/15.
5
Suppose 744 + 153 = 13*b. Let l = 61 + -37. Calculate the remainder when b is divided by l.
21
Calculate the remainder when 1/12 - (-2130)/360 - -21 is divided by 16.
11
Let o be (-4)/(-8)*(1 + -3). What is the remainder when ((-210)/56)/(0 - o/(-4)) is divided by 6?
3
Let h = 499 + -308. Suppose 8*q - 145 = h. What is the remainder when 123 is divided by q?
39
Suppose -4*u - 9 = -117. Let m(t) = 6*t**2 + t - 2. Let g be m(-2). Suppose h - g = -h. What is the remainder when u is divided by h?
7
Suppose 9 = 3*p - 3. Calculate the remainder when ((-39)/9*-3)/(p - 3) is divided by 3.
1
Let c(f) = -f**2 - 12*f - 16. Suppose 3*u - 7 = 4*u. What is the remainder when 37 is divided by c(u)?
18
Calculate the remainder when -7 - (-143 + -3) - (4 - 2) is divided by 14.
11
Let v(g) = g**2 - 5*g + 4. Let k = -4 + 9. Let j be v(k). Suppose -34 = -j*r + 10. Calculate the remainder when 32 is divided by r.
10
Let b = 890 - 842. Calculate the re